uppose 4*p - 48 = 8*p. Let k be (p/7)/(4/(-42)). What is the greatest common divisor of 72 and k?
18
Let i(h) = -h**2 - 6*h + 5. Let b = 0 - 5. Let p be i(b). What is the greatest common divisor of p and 80?
10
Suppose -d + 159 = -5*q - 3*d, d = -4*q - 126. Let u = q - -73. What is the highest common divisor of u and 105?
21
Let m = -32 - -152. What is the highest common factor of 24 and m?
24
Let f be (38 - 2)*6/(-8). Let s be ((-1)/(-1))/((-1)/f). Suppose -7 = m - s. What is the greatest common divisor of m and 220?
20
Let j(c) = c**3 + 8*c**2 - 5*c - 7. Let w be ((-5)/15)/(1/21). Let o be j(w). Calculate the greatest common factor of 7 and o.
7
Let n = 40 - 15. Calculate the greatest common factor of 25 and n.
25
Let q(t) = 5*t + 12. Let x be q(12). Calculate the greatest common factor of x and 12.
12
Suppose -152*j + 20 = -151*j. What is the highest common divisor of 16 and j?
4
Let y(s) = -3*s**3 + s**2 + 4*s + 7. Let h be y(5). Let x be (-16)/(-40) + h/(-5). Calculate the greatest common divisor of x and 26.
13
Suppose 5*o - 15 = 0, -2*o + 266 = 5*k - 0*k. Suppose -4*h = -28 - k. Let f = -2 + h. What is the highest common divisor of 18 and f?
18
Suppose 4*l + 2 = 18. Suppose -27*v + 25*v + 12 = 0. Suppose -3*z + c - v*c = -35, 4*z = -l*c + 36. Calculate the highest common factor of 15 and z.
5
Suppose -3*w + 49 = 5*a - a, 4*w = 3*a - 43. Suppose -2*y - 1311 = -5*o + y, 2*o - y = 524. Let b = o + -118. Calculate the greatest common factor of b and a.
13
Let m be (-2 - 4)*8/(-6). Let r be m/(-1)*(-30)/12. What is the highest common divisor of r and 5?
5
Suppose -4*r - 1 = -j - 13, r - 3 = 5*j. Suppose 2*k + 0*k = -2*p + 176, r*k + p = 270. What is the greatest common divisor of k and 13?
13
Suppose -4*c - n = -4 - 18, -2*c + 12 = n. Let l(q) = 3*q - 7. Let u be l(5). Suppose -p = 3*p - u. What is the highest common divisor of p and c?
1
Let h(b) = b**3 - 2*b**2 - 2*b + 1. Let v be h(3). Suppose -v*n - 13 = -85. Suppose 30*u + 2300 = 6620. What is the highest common divisor of n and u?
18
Let o(t) = t**2 + t + 5. Suppose 3*d = 2*g - 0*g + 16, -38 = 4*g - 3*d. Let l be o(g). What is the highest common divisor of 46 and l?
23
Let u(t) = -t**3 - 5*t**2 - 5*t. Let y be u(-4). Calculate the greatest common divisor of y and 44.
4
Suppose 3*l + 4 = -2*o + l, -o + 2*l = -13. Let p = 17 - o. Calculate the highest common divisor of p and 154.
14
Let k = -230 + 119. Let m = 21 - k. Suppose 2*f - 49 = 5*g, 4*g - 16 = 2*f - 5*f. What is the highest common divisor of m and f?
12
Suppose -3*u + 0 = -105. Suppose -3*n = -5*g + 44, -2*g + 26 = -4*n - 0*n. What is the highest common divisor of g and u?
7
Suppose -3*b + 5*c = -9, 4*c + 6 = 2*b - 2. Let w be 1/(b/(6*-1)). Let g = 5 - w. Calculate the highest common divisor of g and 22.
2
Suppose 4*d + 699 = -f, -d + 25 - 197 = 3*f. Let b = d - -303. What is the highest common factor of 16 and b?
16
Let n be -1 + 3 + 0/2. Let i = -11 + 25. Calculate the greatest common factor of i and n.
2
Let s = -65 - -68. What is the highest common factor of 9 and s?
3
Let i(o) = o**3 - 3*o**2 + 7*o - 4. Let v be i(4). Let a = -14 - -30. Calculate the highest common factor of v and a.
8
Let i(u) = -2*u - 3. Let t be i(-3). Suppose 3*z - c = 14, -t*c = 2*z - 2 - 0. Let w be 356/16 - 1/z. Calculate the highest common divisor of 33 and w.
11
Let j be 1*(-1 + 1) + 3. Let i(x) = x. Let g be i(4). Suppose -10 = -g*d + 38. What is the greatest common divisor of d and j?
3
Suppose -9*q - 3 = -6*q. Let c be 15 + 1 + -3 + q. What is the greatest common divisor of 84 and c?
12
Let h = -25 + 38. Suppose 0 = -g + 3*y + h, -2*g - y - 2*y - 10 = 0. Suppose 5*f - 34 - g = 0. Calculate the highest common factor of f and 35.
7
Let w be 6/(-45) + (-94)/(-30). Suppose -55 = -2*i - w*i. What is the highest common divisor of 88 and i?
11
Let t = -76 - -276. Suppose 5*j - t - 80 = 0. What is the greatest common divisor of 7 and j?
7
Let a(h) = -h**3 - 7 + 3*h**2 - 8*h**2 + 3*h - 5*h. Let q be a(-5). What is the greatest common divisor of 24 and q?
3
Suppose 5*h = -3*k + 484, 5*k - h - 828 = -4*h. Let i be (-2 + 6/4)*-8. Suppose i*a + 45 = 141. What is the highest common divisor of a and k?
24
Let v(w) = -w**2 - 26*w. Let b be v(-22). Calculate the greatest common factor of b and 8.
8
Let u be -2*-10*1*2. Let y(f) = 30*f + 60. Let n(t) = t + 1. Let z(w) = -60*n(w) + y(w). Let b be z(-2). Calculate the highest common divisor of b and u.
20
Let b(v) be the second derivative of -v**3 - 2*v**2 + v. Let i be b(-3). Suppose -3*h + 13 + i = 0. Calculate the highest common divisor of h and 1.
1
Let i = -7 - -19. What is the greatest common factor of i and 48?
12
Let a = -12 + 33. Calculate the greatest common factor of 231 and a.
21
Let v(f) = 21*f**3 - f**2 - 2*f + 2. Let u be v(1). What is the greatest common factor of 8 and u?
4
Let g be 3/(9/(-6)) + 7. Let l(n) = n**3 - 2*n**2 - 5*n - 2. Let h be l(4). Calculate the greatest common divisor of g and h.
5
Suppose -5*n - 5 = 0, -3*s + s = 4*n + 12. Let k = s - -5. Let x be k/(-4) + (-21)/(-4). Calculate the greatest common divisor of 5 and x.
5
Let p(h) = 7*h**2 - 2*h. Let b be p(-1). What is the greatest common factor of b and 27?
9
Let m(i) = 23*i**2 - 4*i + 3. Let c be m(2). What is the highest common divisor of c and 58?
29
Suppose 0 = -7*p + 3*p + 204. Let f be 2/6 - 101/(-3). What is the highest common divisor of p and f?
17
Suppose -2*u - 3*w + 12 = -99, -4*u - 2*w = -234. What is the highest common divisor of 12 and u?
12
Suppose -2*w = -w - 4*q - 21, 0 = -3*w + 2*q + 33. Let t be (-2)/((2 + 0)/(-12)). Let c be (t/(-9))/((-4)/54). What is the highest common factor of c and w?
9
Suppose u + 4 = -9. Let o = 19 + u. Calculate the greatest common factor of o and 12.
6
Let h(w) = w**2 + 6*w + 8. Let i be h(-7). Calculate the highest common factor of 12 and i.
3
Let i be ((-4)/(-6))/(4/12) + -1. What is the highest common factor of 11 and i?
1
Let t(u) = -19*u + 11. Let j be t(-10). Suppose -j - 27 = -3*w. What is the highest common factor of 19 and w?
19
Let x(m) = 4*m + 3. Let a be x(2). Let p = 44 - a. What is the highest common factor of p and 11?
11
Let t = -4 + 3. Let p be 14/(-35)*(-31 - t). What is the highest common factor of p and 30?
6
Suppose -3*n - j + 35 = 0, 2*j - 15 = -2*n + 7. Suppose 5*x - 7*x - 4 = 0. Let q = 6 + x. Calculate the greatest common divisor of q and n.
4
Suppose 15 = 2*w + 3*w. What is the highest common factor of w and 33?
3
Suppose 2*j + 40 = 2*d, -5*j + 52 = d + 2*d. Calculate the greatest common factor of d and 171.
19
Let c be (-5)/(-1) + -1 + -1. Let w be 186/7 + 42/98. What is the highest common factor of w and c?
3
Suppose 10 = 2*x + 3*x. Let g(y) = -y**x + 5*y**2 - y**3 - 4 - y**2 + 5*y. Let p be g(3). Calculate the greatest common factor of 11 and p.
11
Let v be (-104)/(-6)*(-18)/(-12). Calculate the greatest common divisor of 130 and v.
26
Let r be -1 + 6/(6/3). Suppose 0 = -3*f + r*f + 9. Calculate the highest common divisor of f and 36.
9
Suppose 2*l + 200 = -4*f, 2*l - 3*l + 5*f = 72. Let n = l + 132. What is the greatest common divisor of n and 16?
8
Suppose 6 = x + 4*x - g, 3 = -3*g. Suppose 4*n - x + 5 = 0, -3*p + 3*n = -51. What is the highest common factor of 40 and p?
8
Let z be 3 - (0 + (-5)/(-1)). Let h be (-35)/(-10) + z/4. What is the highest common factor of 3 and h?
3
Suppose 0*c + 45 = 5*c. Calculate the greatest common divisor of c and 90.
9
Let y = -35 - -23. Let f be ((-6)/y)/(1/(-6)). Let a(d) = d**2 - 3*d - 3. Let o be a(f). Calculate the greatest common divisor of o and 5.
5
Let s(w) = 122*w. Let x be s(3). Suppose -2*b - x = -5*b. Let j be (-2)/5 + b/5. What is the greatest common divisor of j and 60?
12
Suppose -4*z - 17 = -1, 5*z = 5*j - 20. Suppose j = -3*q - 45 + 117. What is the highest common divisor of 12 and q?
12
Let b = 7 - -2. Calculate the highest common divisor of b and 9.
9
Let c = -8 - -17. Let y be 2/c + 52/9. What is the highest common factor of 48 and y?
6
Let f be (34/7)/(18/63). Calculate the highest common divisor of 17 and f.
17
Let y = 2 - 0. Let z be 54/(4/y) - 0. Let s = 15 - -3. What is the highest common divisor of s and z?
9
Let d be 10*((-264)/(-3))/4. Calculate the highest common factor of d and 44.
44
L